{"id":1628,"date":"2024-05-06T11:30:16","date_gmt":"2024-05-06T10:30:16","guid":{"rendered":"https:\/\/oscar-carballo.com\/?page_id=1628"},"modified":"2024-05-06T11:34:20","modified_gmt":"2024-05-06T10:34:20","slug":"politica-de-privacidad","status":"publish","type":"page","link":"https:\/\/webs.elegot.com\/s\/oscar-carballo\/politica-de-privacidad\/","title":{"rendered":"Pol\u00edtica de Privacidad"},"content":{"rendered":"\t\t<div data-elementor-type=\"wp-page\" data-elementor-id=\"1628\" class=\"elementor elementor-1628\" data-elementor-post-type=\"page\">\n\t\t\t\t<div class=\"elementor-element elementor-element-bea8998 e-flex e-con-boxed e-con e-parent\" data-id=\"bea8998\" data-element_type=\"container\" data-e-type=\"container\" data-settings=\"{&quot;background_background&quot;:&quot;classic&quot;}\">\n\t\t\t\t\t<div class=\"e-con-inner\">\n\t\t<div class=\"elementor-element elementor-element-1e8a867 e-con-full e-flex e-con e-child\" data-id=\"1e8a867\" data-element_type=\"container\" data-e-type=\"container\">\n\t\t\t\t<div class=\"elementor-element elementor-element-bb2be03 elementor-widget elementor-widget-heading\" data-id=\"bb2be03\" data-element_type=\"widget\" data-e-type=\"widget\" data-widget_type=\"heading.default\">\n\t\t\t\t<div class=\"elementor-widget-container\">\n\t\t\t\t\t<h1 class=\"elementor-heading-title elementor-size-default\">Pol\u00edtica de Privacidad<\/h1>\t\t\t\t<\/div>\n\t\t\t\t<\/div>\n\t\t\t\t<\/div>\n\t\t\t\t\t<\/div>\n\t\t\t\t<\/div>\n\t\t<div class=\"elementor-element elementor-element-8007f17 e-flex e-con-boxed e-con e-parent\" data-id=\"8007f17\" data-element_type=\"container\" data-e-type=\"container\">\n\t\t\t\t\t<div class=\"e-con-inner\">\n\t\t\t\t<div class=\"elementor-element elementor-element-56f5eca elementor-widget elementor-widget-text-editor\" data-id=\"56f5eca\" data-element_type=\"widget\" data-e-type=\"widget\" data-widget_type=\"text-editor.default\">\n\t\t\t\t<div class=\"elementor-widget-container\">\n\t\t\t\t\t\t\t\t\t<h5><strong>Esta pol\u00edtica de privacidad aplica al tratamiento de datos de los usuarios del sitio web de:\u00a0<a class=\"dark-lnk\" href=\"https:\/\/webs.elegot.com\/s\/oscar-carballo\/\">oscar-carballo.com<\/a><\/strong><\/h5>\n\n<p>Siguiendo los principios de licitud, lealtad y transparencia, ponemos a su disposici\u00f3n la presente Pol\u00edtica de Privacidad, y en cumplimiento de lo establecido en la Ley 34\/2002, de 11 de julio, de Servicios de la Sociedad de la Informaci\u00f3n y de comercio electr\u00f3nico; y del Reglamento General de Protecci\u00f3n de Datos de 25 de mayo de 2018, se informa que este sitio web es propiedad de:<\/p>\n\n<h4 class=\"wp-block-heading\"><strong>RESPONSABLE DEL TRATAMIENTO<\/strong><\/h4>\n<p>OSCAR CARBALLO ARES<br>\nDIRECCI\u00d3N: Calle P\u00edo Baroja, 7 1\u00baD &#8211; 28009 Madrid<br>\nNIF: 02199237T<br>\nMAIL: oscar.carballo63@hotmail.com<\/p>\n\n<h4 class=\"wp-block-heading\"><strong>FINALIDAD DEL TRATAMIENTO DE LOS DATOS Y CONSERVACI\u00d3N<\/strong><\/h4>\n<p>La recogida y tratamiento automatizado de los Datos de Car\u00e1cter Personal tiene como finalidad el desempe\u00f1o de las tareas de informaci\u00f3n, formaci\u00f3n, comercializaci\u00f3n y otras actividades propias de peritacioneshg.com, tanto a Clientes como a Preclientes o Solicitantes de informaci\u00f3n, recibidos a trav\u00e9s de los formularios de contacto de la p\u00e1gina web.<\/p>\n\n<h4 class=\"wp-block-heading\"><strong>TIEMPO DE CONSERVACI\u00d3N DE SUS DATOS PERSONALES<\/strong><\/h4>\n<p>Sus datos, ser\u00e1n conservados el tiempo m\u00ednimo necesario para la correcta prestaci\u00f3n del servicio ofrecido, as\u00ed como para atender las responsabilidades que se pudieran derivar del mismo y de cualquier otra exigencia legal.<\/p>\n\n<h4 class=\"wp-block-heading\"><strong>LEGITIMACI\u00d3N PARA EL TRATAMIENTO DE LOS DATOS<\/strong><\/h4>\n<p>La base legal para el tratamiento de sus datos personales puede ser la ejecuci\u00f3n de una relaci\u00f3n contractual potencial y\/o suscrita, el inter\u00e9s leg\u00edtimo, la habilitaci\u00f3n legal y\/o el consentimiento del propio interesado. Los datos que le solicitamos son adecuados, pertinentes y estrictamente necesarios y en ning\u00fan caso est\u00e1 obligado a facilit\u00e1rselos, pero su no comunicaci\u00f3n podr\u00e1 afectar a la finalidad del servicio o la imposibilidad de prestarlo.<\/p>\n\n<h4 class=\"wp-block-heading\"><strong>DESTINATARIOS DE SUS DATOS<\/strong><\/h4>\n<p>Sus datos no se facilitar\u00e1n a ninguna otra empresa con estricta confidencialidad, para fines administrativos internos y conforme a las medidas de seguridad de la normativa vigente, salvo que se informe de ello expresamente.<\/p>\n\n<h4 class=\"wp-block-heading\"><strong>\u00bfCU\u00c1LES SON SUS DERECHOS?<\/strong><\/h4>\n<p>Como persona titular de los datos tratados por huella.es tiene derecho en todo momento a:<\/p>\n<ul>\n \t<li>Solicitar el acceso a los datos personales relativos al interesado<\/li>\n \t<li>Rectificaci\u00f3n o supresi\u00f3n<\/li>\n \t<li>Ejercer su derecho a oposici\u00f3n<\/li>\n \t<li>Solicitar la limitaci\u00f3n de su tratamiento<\/li>\n \t<li>Portabilidad de los datos<\/li>\n<\/ul>\n<p>Para ejercer dichos derechos podr\u00e1s ponerte en contacto con nosotros a trav\u00e9s del correo electr\u00f3nico\u00a0<a class=\"c-link link-text-dark dark-lnk\" href=\"mailto:oscar.carballo63@hotmail.com\" target=\"_blank\" rel=\"noopener noreferrer\"><strong>oscar.carballo63@hotmail.com<\/strong><\/a>\u00a0adjuntando copia del DNI o documento an\u00e1logo. As\u00ed mismo, en caso de no estar satisfecho con la respuesta al ejercicio de sus derechos, podr\u00e1 presentar una reclamaci\u00f3n ante la Agencia Espa\u00f1ola de Protecci\u00f3n de datos a trav\u00e9s de su sede electr\u00f3nica en www.aepd.es.<\/p>\n\n<h4 class=\"wp-block-heading\"><strong>RETIRADA EL CONSENTIMIENTO<\/strong><\/h4>\n<p>En cualquier momento podr\u00e1 revocar el consentimiento que nos est\u00e1 otorgando. Usted tiene la posibilidad y el derecho a retirar el consentimiento para cualquiera finalidad espec\u00edfica otorgada en su momento, sin que ello afecte a la licitud del tratamiento basado en el consentimiento previo a su retirada.<\/p>\n\n<h4 class=\"wp-block-heading\"><strong>RECLAMACIONES EN CASO DE INCUMPLIMIENTO DE LA POL\u00cdTICA DE PRIVACIDAD<\/strong><\/h4>\n<p>Si alg\u00fan interesado considera que sus datos no son tratados correctamente por peritacioneshg.com puede dirigir sus reclamaciones al correo\u00a0<a class=\"c-link link-text-dark dark-lnk\" href=\"mailto:oscar.carballo63@hotmail.com\" target=\"_blank\" rel=\"noopener noreferrer\"><strong>oscar.carballo63@hotmail.com<\/strong><\/a>\u00a0o a la autoridad de protecci\u00f3n de datos que corresponda, siendo la Agencia Espa\u00f1ola de Protecci\u00f3n de Datos (en adelante AEPD) la indicada en el territorio nacional, sita en C\/ Jorge Juan, 6. 28001 \u2013 Madrid, y a trav\u00e9s de su web: www.aepd.es.<\/p>\n\n<h4 class=\"wp-block-heading\"><strong>SEGURIDAD Y ACTUALIZACI\u00d3N DE SUS DATOS PERSONALES<\/strong><\/h4>\n<p>Con el objetivo de salvaguardar la seguridad de sus datos personales, le informamos que huella.es ha adoptado todas las medidas de \u00edndole t\u00e9cnica y organizativa necesarias para garantizar la seguridad de los datos personales suministrados. Todo ello para evitar su alteraci\u00f3n, p\u00e9rdida, y\/o tratamientos o accesos no autorizados, tal como exige la normativa, si bien la seguridad absoluta no existe.<\/p>\n\n<p>Es importante que, para que podamos mantener sus datos personales actualizados, nos informe siempre que se produzca una modificaci\u00f3n de los mismos.<\/p>\n\n<h4 class=\"wp-block-heading\"><strong>CONFIDENCIALIDAD<\/strong><\/h4>\n<p><a class=\"dark-lnk\" href=\"https:\/\/webs.elegot.com\/s\/oscar-carballo\/\">oscar-carballo.com<\/a>\u00a0le informa que sus datos ser\u00e1n tratados con el m\u00e1ximo celo y confidencialidad por todo el personal que intervenga en cualquiera de las fases del tratamiento. No cederemos ni comunicaremos a ning\u00fan tercero sus datos, excepto en los casos legalmente previstos, o salvo que el interesado nos hubiera autorizado expresamente.<\/p>\n\t\t\t\t\t\t\t\t<\/div>\n\t\t\t\t<\/div>\n\t\t\t\t\t<\/div>\n\t\t\t\t<\/div>\n\t\t\t\t<\/div>\n\t\t","protected":false},"excerpt":{"rendered":"<p>Pol\u00edtica de Privacidad Esta pol\u00edtica de privacidad aplica al tratamiento de datos de los usuarios del sitio web de:\u00a0oscar-carballo.com Siguiendo los principios de licitud, lealtad y transparencia, ponemos a su disposici\u00f3n la presente Pol\u00edtica de Privacidad, y en cumplimiento de lo establecido en la Ley 34\/2002, de 11 de julio, de Servicios de la Sociedad [&hellip;]<\/p>\n","protected":false},"author":2,"featured_media":0,"parent":0,"menu_order":0,"comment_status":"closed","ping_status":"closed","template":"","meta":{"site-sidebar-layout":"no-sidebar","site-content-layout":"page-builder","ast-site-content-layout":"default","site-content-style":"default","site-sidebar-style":"default","ast-global-header-display":"","ast-banner-title-visibility":"","ast-main-header-display":"","ast-hfb-above-header-display":"","ast-hfb-below-header-display":"","ast-hfb-mobile-header-display":"","site-post-title":"disabled","ast-breadcrumbs-content":"disabled","ast-featured-img":"disabled","footer-sml-layout":"","ast-disable-related-posts":"","theme-transparent-header-meta":"enabled","adv-header-id-meta":"","stick-header-meta":"","header-above-stick-meta":"","header-main-stick-meta":"","header-below-stick-meta":"","astra-migrate-meta-layouts":"default","ast-page-background-enabled":"default","ast-page-background-meta":{"desktop":{"background-color":"","background-image":"","background-repeat":"repeat","background-position":"center center","background-size":"auto","background-attachment":"scroll","background-type":"","background-media":"","overlay-type":"","overlay-color":"","overlay-opacity":"","overlay-gradient":""},"tablet":{"background-color":"","background-image":"","background-repeat":"repeat","background-position":"center center","background-size":"auto","background-attachment":"scroll","background-type":"","background-media":"","overlay-type":"","overlay-color":"","overlay-opacity":"","overlay-gradient":""},"mobile":{"background-color":"","background-image":"","background-repeat":"repeat","background-position":"center center","background-size":"auto","background-attachment":"scroll","background-type":"","background-media":"","overlay-type":"","overlay-color":"","overlay-opacity":"","overlay-gradient":""}},"ast-content-background-meta":{"desktop":{"background-color":"var(--ast-global-color-5)","background-image":"","background-repeat":"repeat","background-position":"center center","background-size":"auto","background-attachment":"scroll","background-type":"","background-media":"","overlay-type":"","overlay-color":"","overlay-opacity":"","overlay-gradient":""},"tablet":{"background-color":"var(--ast-global-color-5)","background-image":"","background-repeat":"repeat","background-position":"center center","background-size":"auto","background-attachment":"scroll","background-type":"","background-media":"","overlay-type":"","overlay-color":"","overlay-opacity":"","overlay-gradient":""},"mobile":{"background-color":"var(--ast-global-color-5)","background-image":"","background-repeat":"repeat","background-position":"center center","background-size":"auto","background-attachment":"scroll","background-type":"","background-media":"","overlay-type":"","overlay-color":"","overlay-opacity":"","overlay-gradient":""}},"footnotes":""},"class_list":["post-1628","page","type-page","status-publish","hentry"],"_links":{"self":[{"href":"https:\/\/webs.elegot.com\/s\/oscar-carballo\/wp-json\/wp\/v2\/pages\/1628","targetHints":{"allow":["GET"]}}],"collection":[{"href":"https:\/\/webs.elegot.com\/s\/oscar-carballo\/wp-json\/wp\/v2\/pages"}],"about":[{"href":"https:\/\/webs.elegot.com\/s\/oscar-carballo\/wp-json\/wp\/v2\/types\/page"}],"author":[{"embeddable":true,"href":"https:\/\/webs.elegot.com\/s\/oscar-carballo\/wp-json\/wp\/v2\/users\/2"}],"replies":[{"embeddable":true,"href":"https:\/\/webs.elegot.com\/s\/oscar-carballo\/wp-json\/wp\/v2\/comments?post=1628"}],"version-history":[{"count":8,"href":"https:\/\/webs.elegot.com\/s\/oscar-carballo\/wp-json\/wp\/v2\/pages\/1628\/revisions"}],"predecessor-version":[{"id":1664,"href":"https:\/\/webs.elegot.com\/s\/oscar-carballo\/wp-json\/wp\/v2\/pages\/1628\/revisions\/1664"}],"wp:attachment":[{"href":"https:\/\/webs.elegot.com\/s\/oscar-carballo\/wp-json\/wp\/v2\/media?parent=1628"}],"curies":[{"name":"wp","href":"https:\/\/api.w.org\/{rel}","templated":true}]}}