{"id":6769,"date":"2024-01-19T12:52:43","date_gmt":"2024-01-19T12:52:43","guid":{"rendered":"https:\/\/clientes.desarrolloespacios.com\/dlgvalle\/?page_id=6769"},"modified":"2024-03-01T13:01:15","modified_gmt":"2024-03-01T13:01:15","slug":"quienes-somos","status":"publish","type":"page","link":"https:\/\/webs.elegot.com\/s\/dlgvalle\/quienes-somos\/","title":{"rendered":"Qui\u00e9nes Somos"},"content":{"rendered":"\t\t<div data-elementor-type=\"wp-page\" data-elementor-id=\"6769\" class=\"elementor elementor-6769\" data-elementor-post-type=\"page\">\n\t\t\t\t\t\t\t<div class=\"elementor-element elementor-element-ed97790 e-con-full e-flex e-con e-parent\" data-id=\"ed97790\" data-element_type=\"container\" data-settings=\"{&quot;content_width&quot;:&quot;full&quot;,&quot;background_background&quot;:&quot;classic&quot;}\" data-core-v316-plus=\"true\">\n\t\t\t\t<div class=\"elementor-element elementor-element-4f77dd1 elementor-widget elementor-widget-heading\" data-id=\"4f77dd1\" data-element_type=\"widget\" data-widget_type=\"heading.default\">\n\t\t\t\t<div class=\"elementor-widget-container\">\n\t\t\t<h2 class=\"elementor-heading-title elementor-size-default\">Qui\u00e9nes somos<\/h2>\t\t<\/div>\n\t\t\t\t<\/div>\n\t\t\t\t<div class=\"elementor-element elementor-element-62296e4 elementor-widget-mobile__width-initial elementor-widget elementor-widget-text-editor\" data-id=\"62296e4\" data-element_type=\"widget\" data-widget_type=\"text-editor.default\">\n\t\t\t\t<div class=\"elementor-widget-container\">\n\t\t\t\t\t\t\tSomos una empresa especializada en el dise\u00f1o, venta,<br>instalaci\u00f3n y mantenimiento de sistemas de aire acondicionado\t\t\t\t\t\t<\/div>\n\t\t\t\t<\/div>\n\t\t\t\t<\/div>\n\t\t<div class=\"elementor-element elementor-element-33c88e7 e-con-full e-flex e-con e-parent\" data-id=\"33c88e7\" data-element_type=\"container\" data-settings=\"{&quot;content_width&quot;:&quot;full&quot;}\" data-core-v316-plus=\"true\">\n\t\t<div class=\"elementor-element elementor-element-b622630 e-flex e-con-boxed e-con e-child\" data-id=\"b622630\" data-element_type=\"container\" data-settings=\"{&quot;content_width&quot;:&quot;boxed&quot;}\">\n\t\t\t\t\t<div class=\"e-con-inner\">\n\t\t<div class=\"elementor-element elementor-element-444f1be e-con-full e-flex e-con e-child\" data-id=\"444f1be\" data-element_type=\"container\" data-settings=\"{&quot;content_width&quot;:&quot;full&quot;}\">\n\t\t\t\t<div class=\"elementor-element elementor-element-f43d3ce elementor-widget__width-initial elementor-widget elementor-widget-heading\" data-id=\"f43d3ce\" data-element_type=\"widget\" data-widget_type=\"heading.default\">\n\t\t\t\t<div class=\"elementor-widget-container\">\n\t\t\t<h2 class=\"elementor-heading-title elementor-size-default\">ESPECIALISTAS EN<br>AIRE ACONDICIONADO<\/h2>\t\t<\/div>\n\t\t\t\t<\/div>\n\t\t\t\t<div class=\"elementor-element elementor-element-71b1ed6 elementor-widget-divider--view-line elementor-widget elementor-widget-divider\" data-id=\"71b1ed6\" data-element_type=\"widget\" data-widget_type=\"divider.default\">\n\t\t\t\t<div class=\"elementor-widget-container\">\n\t\t\t\t\t<div class=\"elementor-divider\">\n\t\t\t<span class=\"elementor-divider-separator\">\n\t\t\t\t\t\t<\/span>\n\t\t<\/div>\n\t\t\t\t<\/div>\n\t\t\t\t<\/div>\n\t\t\t\t<div class=\"elementor-element elementor-element-7b239ca elementor-widget elementor-widget-text-editor\" data-id=\"7b239ca\" data-element_type=\"widget\" data-widget_type=\"text-editor.default\">\n\t\t\t\t<div class=\"elementor-widget-container\">\n\t\t\t\t\t\t\tCon una trayectoria respaldada por la satisfacci\u00f3n de nuestros\nclientes, ofrecemos un soporte integral, brindando asesor\u00eda\nespecializada para la selecci\u00f3n de equipos adaptados a cada\nnecesidad.\t\t\t\t\t\t<\/div>\n\t\t\t\t<\/div>\n\t\t\t\t<div class=\"elementor-element elementor-element-f5c0231 elementor-widget elementor-widget-text-editor\" data-id=\"f5c0231\" data-element_type=\"widget\" data-widget_type=\"text-editor.default\">\n\t\t\t\t<div class=\"elementor-widget-container\">\n\t\t\t\t\t\t\tEn DLG, no solo proporcionamos equipos de las mejores marcas del\nmercado, sino que tambi\u00e9n nos destacamos por la ejecuci\u00f3n de\nproyectos llave en mano. Trabajamos de la mano con constructoras,\narquitectos, contratistas y usuarios finales, asegurando un servicio post\nventa\nexcepcional y garant\u00eda en cada instalaci\u00f3n.<br><br>\nNuestra diferenciaci\u00f3n radica en el an\u00e1lisis detallado de las\nnecesidades de nuestros clientes, permiti\u00e9ndonos dise\u00f1ar propuestas\npersonalizadas para cada proyecto. Aceptamos pagos mediante\ntransferencia bancaria y ofrecemos precios especiales a contratistas,\nconsolidando as\u00ed nuestra posici\u00f3n como l\u00edderes en el sector.\t\t\t\t\t\t<\/div>\n\t\t\t\t<\/div>\n\t\t\t\t<\/div>\n\t\t<div class=\"elementor-element elementor-element-ca5d427 e-con-full e-flex e-con e-child\" data-id=\"ca5d427\" data-element_type=\"container\" data-settings=\"{&quot;content_width&quot;:&quot;full&quot;,&quot;background_background&quot;:&quot;classic&quot;}\">\n\t\t\t\t<\/div>\n\t\t\t\t\t<\/div>\n\t\t\t\t<\/div>\n\t\t\t\t<\/div>\n\t\t<div class=\"elementor-element elementor-element-dec4e71 e-con-full e-flex e-con e-parent\" data-id=\"dec4e71\" data-element_type=\"container\" data-settings=\"{&quot;content_width&quot;:&quot;full&quot;}\" data-core-v316-plus=\"true\">\n\t\t<div class=\"elementor-element elementor-element-2c61b14 e-flex e-con-boxed e-con e-child\" data-id=\"2c61b14\" data-element_type=\"container\" data-settings=\"{&quot;content_width&quot;:&quot;boxed&quot;}\">\n\t\t\t\t\t<div class=\"e-con-inner\">\n\t\t<div class=\"elementor-element elementor-element-21a473a e-con-full e-flex e-con e-child\" data-id=\"21a473a\" data-element_type=\"container\" data-settings=\"{&quot;content_width&quot;:&quot;full&quot;}\">\n\t\t\t\t<div class=\"elementor-element elementor-element-d59b41b elementor-widget__width-initial elementor-widget elementor-widget-heading\" data-id=\"d59b41b\" data-element_type=\"widget\" data-widget_type=\"heading.default\">\n\t\t\t\t<div class=\"elementor-widget-container\">\n\t\t\t<h2 class=\"elementor-heading-title elementor-size-default\">MISI\u00d3N<\/h2>\t\t<\/div>\n\t\t\t\t<\/div>\n\t\t\t\t<div class=\"elementor-element elementor-element-f369f60 elementor-widget-divider--view-line elementor-widget elementor-widget-divider\" data-id=\"f369f60\" data-element_type=\"widget\" data-widget_type=\"divider.default\">\n\t\t\t\t<div class=\"elementor-widget-container\">\n\t\t\t\t\t<div class=\"elementor-divider\">\n\t\t\t<span class=\"elementor-divider-separator\">\n\t\t\t\t\t\t<\/span>\n\t\t<\/div>\n\t\t\t\t<\/div>\n\t\t\t\t<\/div>\n\t\t\t\t<div class=\"elementor-element elementor-element-8a755f5 elementor-widget elementor-widget-text-editor\" data-id=\"8a755f5\" data-element_type=\"widget\" data-widget_type=\"text-editor.default\">\n\t\t\t\t<div class=\"elementor-widget-container\">\n\t\t\t\t\t\t\t<p>Calidad y Confort en Aire Acondicionado<\/p>\t\t\t\t\t\t<\/div>\n\t\t\t\t<\/div>\n\t\t\t\t<div class=\"elementor-element elementor-element-d7b1055 elementor-widget__width-initial elementor-widget elementor-widget-text-editor\" data-id=\"d7b1055\" data-element_type=\"widget\" data-widget_type=\"text-editor.default\">\n\t\t\t\t<div class=\"elementor-widget-container\">\n\t\t\t\t\t\t\t<p>En DLG, nos comprometemos a proporcionar los servicios de aire acondicionado de la m\u00e1s alta calidad en el mercado. Nuestra misi\u00f3n es garantizar un \u00f3ptimo confort en espacios comerciales, industriales y residenciales.<\/p><p>Trabajamos incansablemente para satisfacer las expectativas de nuestros clientes, brindando soluciones a medida y superando est\u00e1ndares de excelencia.<\/p>\t\t\t\t\t\t<\/div>\n\t\t\t\t<\/div>\n\t\t\t\t<\/div>\n\t\t<div class=\"elementor-element elementor-element-88289be e-con-full e-flex e-con e-child\" data-id=\"88289be\" data-element_type=\"container\" data-settings=\"{&quot;content_width&quot;:&quot;full&quot;}\">\n\t\t\t\t<div class=\"elementor-element elementor-element-607d880 elementor-widget__width-initial elementor-widget elementor-widget-heading\" data-id=\"607d880\" data-element_type=\"widget\" data-widget_type=\"heading.default\">\n\t\t\t\t<div class=\"elementor-widget-container\">\n\t\t\t<h2 class=\"elementor-heading-title elementor-size-default\">VISI\u00d3N<\/h2>\t\t<\/div>\n\t\t\t\t<\/div>\n\t\t\t\t<div class=\"elementor-element elementor-element-2482a59 elementor-widget-divider--view-line elementor-widget elementor-widget-divider\" data-id=\"2482a59\" data-element_type=\"widget\" data-widget_type=\"divider.default\">\n\t\t\t\t<div class=\"elementor-widget-container\">\n\t\t\t\t\t<div class=\"elementor-divider\">\n\t\t\t<span class=\"elementor-divider-separator\">\n\t\t\t\t\t\t<\/span>\n\t\t<\/div>\n\t\t\t\t<\/div>\n\t\t\t\t<\/div>\n\t\t\t\t<div class=\"elementor-element elementor-element-9b1bdbb elementor-widget elementor-widget-text-editor\" data-id=\"9b1bdbb\" data-element_type=\"widget\" data-widget_type=\"text-editor.default\">\n\t\t\t\t<div class=\"elementor-widget-container\">\n\t\t\t\t\t\t\t<p>Compromiso y Calidad en Constante Evoluci\u00f3n<\/p>\t\t\t\t\t\t<\/div>\n\t\t\t\t<\/div>\n\t\t\t\t<div class=\"elementor-element elementor-element-682fbfa elementor-widget elementor-widget-text-editor\" data-id=\"682fbfa\" data-element_type=\"widget\" data-widget_type=\"text-editor.default\">\n\t\t\t\t<div class=\"elementor-widget-container\">\n\t\t\t\t\t\t\tNos esforzamos por establecer relaciones de trabajo basadas en la excelencia y un compromiso creciente con la calidad. En DLG, buscamos estar a la vanguardia de los m\u00e9todos de trabajo y las\ntecnolog\u00edas en el campo del aire acondicionado. Nuestra visi\u00f3n es liderar el mercado, ofreciendo servicios innovadores que garanticen el bienestar y la satisfacci\u00f3n de nuestros clientes en\ntodo momento.\t\t\t\t\t\t<\/div>\n\t\t\t\t<\/div>\n\t\t\t\t<\/div>\n\t\t\t\t\t<\/div>\n\t\t\t\t<\/div>\n\t\t\t\t<\/div>\n\t\t\t\t\t\t\t<\/div>\n\t\t","protected":false},"excerpt":{"rendered":"<p>Qui\u00e9nes somos Somos una empresa especializada en el dise\u00f1o, venta,instalaci\u00f3n y mantenimiento de sistemas de aire acondicionado ESPECIALISTAS ENAIRE ACONDICIONADO Con una trayectoria respaldada por la satisfacci\u00f3n de nuestros clientes, ofrecemos un soporte integral, brindando asesor\u00eda especializada para la selecci\u00f3n de equipos adaptados a cada necesidad.En DLG, no solo proporcionamos equipos de las mejores marcas&hellip;<\/p>\n","protected":false},"author":2,"featured_media":0,"parent":0,"menu_order":0,"comment_status":"closed","ping_status":"closed","template":"elementor_header_footer","meta":{"footnotes":""},"class_list":["post-6769","page","type-page","status-publish","hentry"],"_links":{"self":[{"href":"https:\/\/webs.elegot.com\/s\/dlgvalle\/wp-json\/wp\/v2\/pages\/6769","targetHints":{"allow":["GET"]}}],"collection":[{"href":"https:\/\/webs.elegot.com\/s\/dlgvalle\/wp-json\/wp\/v2\/pages"}],"about":[{"href":"https:\/\/webs.elegot.com\/s\/dlgvalle\/wp-json\/wp\/v2\/types\/page"}],"author":[{"embeddable":true,"href":"https:\/\/webs.elegot.com\/s\/dlgvalle\/wp-json\/wp\/v2\/users\/2"}],"replies":[{"embeddable":true,"href":"https:\/\/webs.elegot.com\/s\/dlgvalle\/wp-json\/wp\/v2\/comments?post=6769"}],"version-history":[{"count":61,"href":"https:\/\/webs.elegot.com\/s\/dlgvalle\/wp-json\/wp\/v2\/pages\/6769\/revisions"}],"predecessor-version":[{"id":7078,"href":"https:\/\/webs.elegot.com\/s\/dlgvalle\/wp-json\/wp\/v2\/pages\/6769\/revisions\/7078"}],"wp:attachment":[{"href":"https:\/\/webs.elegot.com\/s\/dlgvalle\/wp-json\/wp\/v2\/media?parent=6769"}],"curies":[{"name":"wp","href":"https:\/\/api.w.org\/{rel}","templated":true}]}}